{"id":17,"date":"2021-03-05T12:26:25","date_gmt":"2021-03-05T11:26:25","guid":{"rendered":"https:\/\/www.baenzigerzahntechnik.ch\/web\/?page_id=17"},"modified":"2025-09-02T16:32:43","modified_gmt":"2025-09-02T14:32:43","slug":"portrait","status":"publish","type":"page","link":"https:\/\/www.baenzigerzahntechnik.ch\/web\/portrait\/","title":{"rendered":"Portrait"},"content":{"rendered":"<h2>Unser Antrieb ist der Ausdruck Ihrer Zufriedenheit. Gerne mit einem L\u00e4cheln verbunden.<\/h2>\n<h3>Die Summe aus Individualit\u00e4t, \u00c4sthetik und Funktionalit\u00e4t hei\u00dft Perfektion \u2013 und nichts Geringeres ist der Grundsatz unserer Arbeit. <\/h3>\n<div class=\"container\">\n<div class=\"row hlgreen\" style=\"padding:32px 16px; border-bottom:5px solid rgba(255,255,255,0.90)\">\n<div class=\"col-md-6\">\n<strong>Martin |\u00a0Inhaber<\/strong><\/p>\n<p>Seit der Gr\u00fcndung des Dentallabors im Januar 2009 steht Martin mit voller Leidenschaft f\u00fcr das Zahntechnikerhandwerk. F\u00fcr ihn gilt das Motto: Geht nicht, gibt\u2019s nicht!\u00bb Mit einem unerm\u00fcdlichen Einsatz und einem feinen Gesp\u00fcr f\u00fcr \u00c4sthetik ist es seine t\u00e4gliche Motivation.<\/p>\n<p>Als engagierter Zahntechnikermeister bringt er nicht nur umfassendes Know-how, sondern auch eine besondere Geduld und Pr\u00e4zision in jedes Projekt ein. F\u00fcr ihn ist die kontinuierliche Weiterbildung wichtig, auch die Offenheit gegen\u00fcber neuen Technologien. Ob digitale Workflows, moderne Materialien oder CAD\/CAM Verfahren: Alles, was das Labor voranbringt wird gepr\u00fcft und wenn sinnvoll, in den Arbeitsprozess integriert. Dabei legt Martin auch Wert darauf, dass bew\u00e4hrte traditionelle Techniken nicht in Vergessenheit geraten. <\/p>\n<p>Im Mittelpunkt seiner Arbeit steht immer die enge Zusammenarbeit zwischen dem Patienten, Zahnarzt und Zahntechniker. Nur durch diesen intensiven Austausch kann ein Ergebnis entstehen, das nicht nur funktional \u00fcberzeugt, sondern auch \u00e4sthetisch begeistert. Denn gutes Aussehen ist hier nicht nur Aufgabe, sondern echte Passion.\n<\/p><\/div>\n<div class=\"col-md-6\"><img loading=\"lazy\" decoding=\"async\" src=\"https:\/\/www.baenzigerzahntechnik.ch\/web\/wp-content\/uploads\/2021\/06\/DS_2021_Zahntechniker_Baenziger_SW-6113.jpg\" alt=\"\" width=\"300\" height=\"289\" class=\"responsive\" \/><\/p>\n<\/div>\n<\/div>\n<div class=\"row hlgreen\" style=\"padding:32px 16px; border-bottom:5px solid rgba(255,255,255,0.90)\">\n<div class=\"col-md-6\"><img decoding=\"async\" src=\"https:\/\/www.baenzigerzahntechnik.ch\/web\/wp-content\/uploads\/2021\/06\/DS_2021_Zahntechniker_Baenziger_SW-5515.jpg\" alt=\"\" class=\"responsive\" \/>\n<\/div>\n<div class=\"col-md-6\">\n<strong>Cendrine \/ Personal &#038; Rechnungswesen<\/strong><\/p>\n<p>Als Teilzeitkraft im Bereich Personal und Rechnungswesen h\u00e4lt sie bei uns im Hintergrund die F\u00e4den zusammen. Als Mutter von zwei schulpflichtigen Kindern weiss sie, was Organisation bedeutet und bringt diese St\u00e4rke ins Labor mit ein. Sie ist quirlig, hilfsbereit und immer da, wenn man sie braucht &#8211; sei es f\u00fcr ein offenes Ohr oder selbst mit anzupacken, wenn Not am Mann ist.<\/p>\n<p>Gesunde Ern\u00e4hrung liegt ihr am Herzen- auch am Arbeitsplatz. Mit ihrer Idee der \u00abLabor Challenge\u00bb hat sie frischen Wind ins Team gebracht und motiviert uns alle, gemeinsam gesund und aktiv zu bleiben. Ein echter Familienmensch, der unser Team nicht nur erg\u00e4nzt sondern bereichert.<\/p>\n<\/div>\n<\/div>\n<div class=\"row hlgreen\" style=\"padding:32px 16px; border-bottom:5px solid rgba(255,255,255,0.90)\">\n<div class=\"col-md-6\">\n<strong>Fabiana \/  Zahntechnikerin EFZ<\/strong><\/p>\n<p>Mit ihrer zuverl\u00e4ssigen, dynamischen Art ist Fabiana eine wertvolle Unterst\u00fctzung f\u00fcr unser zahntechnisches Team. Als Fachkraft bring sie nicht nur handwerkliches K\u00f6nnen, sondern auch einen vorausschauenden Blick f\u00fcr Pr\u00e4zision und Qualit\u00e4t mit.<br \/>\nFabiana ist stehts hilfsbereit , offen f\u00fcr Neues und immer bereit, ihr Wissen zu erweitern. Ihre positive Ausstrahlung und ihr Engagement machen sie zu einer echten Teamplayerin.<br \/>\nIn ihrer Freizeit l\u00e4sst sie sich gerne von guter Musik inspirieren- ganz nach dem Motto: Kreativit\u00e4t beginnt mit dem richtigen Rhythmus.<\/p>\n<\/div>\n<div class=\"col-md-6\"><img decoding=\"async\" src=\"https:\/\/www.baenzigerzahntechnik.ch\/web\/wp-content\/uploads\/2025\/08\/20250218_Zahntechnik_Baenziger_069.jpeg\" alt=\"\"class=\"responsive\" \/>\n<\/div>\n<\/div>\n<div class=\"row hlgreen\" style=\"padding:32px 16px; border-bottom:5px solid rgba(255,255,255,0.90)\">\n<div class=\"col-md-6\"><img decoding=\"async\" src=\"https:\/\/www.baenzigerzahntechnik.ch\/web\/wp-content\/uploads\/2025\/08\/20250218_Zahntechnik_Baenziger_146.jpeg\" alt=\"\" class=\"responsive\" \/><\/p>\n<\/div>\n<div class=\"col-md-6\">\n\t<strong>Sonja\/ Raumpflegerin und AVOR<\/strong><\/p>\n<p>Sonja ist unsere Allrounderin mit Herz: Sie sorgt nicht nur daf\u00fcr, dass unser Labor t\u00e4glich in neuem Glanz erstrahlt, sondern beh\u00e4lt auch in der Arbeitsvorbereitung den \u00dcberblick.<br \/>\nMit ihrer positiven, aufgestellten Art bringt sie gute Laune ins Team. Sie ist sehr hilfsbereit- eine echte Unterst\u00fctzung auf allen Ebenen.<br \/>\nSonja ist die gute Seele unseres Labors und aus unserem Arbeitsalltag nicht mehr wegzudenken.<\/p>\n<\/div>\n<\/div>\n<div class=\"row hlgreen\" style=\"padding:32px 16px; border-bottom:5px solid rgba(255,255,255,0.90)\">\n<div class=\"col-md-6\">\n\t<strong>Ursula\/ AVOR<\/strong><\/p>\n<p>Ursula ist ein echter \u00abalter Hase\u00bb in unserem Labor \u2013 und das im besten Sinne: Seit \u00fcber 20 Jahren geh\u00f6rt sie zum Team und bringt ihre langj\u00e4hrige Erfahrung mit viel Engagement und Herz ein. Obwohl sie eigentlich schon im Ruhestand ist, unterst\u00fctzt sie uns weiterhin in Teilzeit in der Arbeitsvorbereitung- zuverl\u00e4ssig, hilfsbereit und mit einem wachen Blick f\u00fcr das Wesentliche.<\/p>\n<\/div>\n<div class=\"col-md-6\">\n<\/div>\n<\/div>\n<\/div>\n","protected":false},"excerpt":{"rendered":"<p>Unser Antrieb ist der Ausdruck Ihrer Zufriedenheit. Gerne mit einem L\u00e4cheln verbunden. Die Summe aus Individualit\u00e4t, \u00c4sthetik und Funktionalit\u00e4t hei\u00dft Perfektion \u2013 und nichts Geringeres ist der Grundsatz unserer Arbeit. Martin |\u00a0Inhaber Seit der Gr\u00fcndung des Dentallabors im Januar 2009 steht Martin mit voller Leidenschaft f\u00fcr das Zahntechnikerhandwerk. F\u00fcr ihn gilt das Motto: Geht nicht, [&hellip;]<\/p>\n","protected":false},"author":1,"featured_media":137,"parent":0,"menu_order":40,"comment_status":"closed","ping_status":"closed","template":"","meta":{"_acf_changed":false,"footnotes":""},"class_list":["post-17","page","type-page","status-publish","has-post-thumbnail","hentry"],"acf":[],"_links":{"self":[{"href":"https:\/\/www.baenzigerzahntechnik.ch\/web\/wp-json\/wp\/v2\/pages\/17","targetHints":{"allow":["GET"]}}],"collection":[{"href":"https:\/\/www.baenzigerzahntechnik.ch\/web\/wp-json\/wp\/v2\/pages"}],"about":[{"href":"https:\/\/www.baenzigerzahntechnik.ch\/web\/wp-json\/wp\/v2\/types\/page"}],"author":[{"embeddable":true,"href":"https:\/\/www.baenzigerzahntechnik.ch\/web\/wp-json\/wp\/v2\/users\/1"}],"replies":[{"embeddable":true,"href":"https:\/\/www.baenzigerzahntechnik.ch\/web\/wp-json\/wp\/v2\/comments?post=17"}],"version-history":[{"count":57,"href":"https:\/\/www.baenzigerzahntechnik.ch\/web\/wp-json\/wp\/v2\/pages\/17\/revisions"}],"predecessor-version":[{"id":242,"href":"https:\/\/www.baenzigerzahntechnik.ch\/web\/wp-json\/wp\/v2\/pages\/17\/revisions\/242"}],"wp:featuredmedia":[{"embeddable":true,"href":"https:\/\/www.baenzigerzahntechnik.ch\/web\/wp-json\/wp\/v2\/media\/137"}],"wp:attachment":[{"href":"https:\/\/www.baenzigerzahntechnik.ch\/web\/wp-json\/wp\/v2\/media?parent=17"}],"curies":[{"name":"wp","href":"https:\/\/api.w.org\/{rel}","templated":true}]}}